. What is the units digit of j?
8
What is the units digit of (-120)/72 - (-212)/3?
9
Let i = -3 + -50. Suppose -180 - 72 = 3*x. Let h = i - x. What is the units digit of h?
1
Let x(y) = -3*y**3 - 50 + 2*y**3 + 12*y - 13*y**2 + 92. What is the tens digit of x(-14)?
7
Let p = -277 - -517. What is the hundreds digit of p/(-18)*(69/(-6) - -1)?
1
Let q(l) = -7*l + 27. Let d be (1 + 2)*(-3)/(9/8). What is the units digit of q(d)?
3
Suppose -19*x + 24 = -7*x. Let g(a) = 6*a**3 - 2*a**2 + 6*a - 9. What is the tens digit of g(x)?
4
Let x(t) = 12*t - 24. Let i be x(8). Let o = 377 - i. What is the tens digit of o?
0
Let i(f) = -f**3 - 10*f**2 - 2*f + 12. Suppose -4*z - 28 = 12. What is the tens digit of i(z)?
3
Let m(l) = -7*l. Let f be m(-1). Let t(i) = 7*i - 4. What is the units digit of t(f)?
5
Let j = 1217 + -948. What is the hundreds digit of j?
2
Suppose -2*q + 4*m + 1554 = 6*m, -2*q - m = -1556. What is the units digit of q?
9
Let k = -8 + 12. Let f = 515 + -484. What is the tens digit of f - ((-3 - 4) + k)?
3
Let o(b) = 4*b**2 - 115*b - 47. What is the units digit of o(38)?
9
Let n(q) = -q**3 + 11*q**2 + 3*q + 2. Let i be n(11). Suppose -3*d = -d + x - 37, -d = -5*x - i. What is the tens digit of d?
2
Suppose 56*j = 57*j + 4*g - 2233, -2*j - 5*g + 4466 = 0. What is the hundreds digit of j?
2
Suppose -4*r - 36 = -h, h + 0*h - 15 = -3*r. Let n = h + -8. What is the units digit of n?
6
Let x(c) = 3*c - 9. Let p be x(4). Suppose 0 = p*n - 5*v - 25, 5*n + v - 83 = -v. Suppose -66 = -3*m - n. What is the units digit of m?
7
What is the hundreds digit of 1735 - ((-8)/3 + (-8)/6)?
7
Suppose 9*s = 2*s. Suppose s = 8*u - 6*u - 174. What is the tens digit of u?
8
Let r(w) = w**3 - w - 5. Let h be r(0). Let l be (4*3)/(-3 - h). Suppose l*u = 9*u - 72. What is the units digit of u?
4
Let v(f) = -19*f - 23. What is the hundreds digit of v(-9)?
1
Let j = 93 + -91. Suppose -j = f - 148. What is the units digit of f?
6
Let p(i) = -6*i - 45. Let m be p(-9). Suppose 138 = -6*v + m*v. What is the units digit of v?
6
Let w(z) = -6*z + 2. Let c(y) = -y. Let m = 8 - 9. Let s(r) = m*w(r) + 3*c(r). What is the units digit of s(1)?
1
Let p(i) = -8*i**3 - 27*i**2 - 5*i. Let l(r) = -15*r**3 - 53*r**2 - 11*r + 1. Let s(w) = -6*l(w) + 11*p(w). What is the hundreds digit of s(-9)?
1
Suppose 3*k + 5*y - 2176 = 0, k + 5*y - 855 = -113. What is the units digit of k?
7
Suppose 4*a = 3*a + 27. Suppose 5*s - m - 276 = 0, 0 = -3*s + 5*m + 121 + a. What is the units digit of s?
6
Suppose 0 = v + 4*v + 5*v. Suppose v = -6*d + 3*d - 4*z + 461, 5*z - 10 = 0. What is the hundreds digit of d?
1
Let z(p) = -p**3 - 8*p**2 + 4*p - 3. Let h be z(-8). Let m be 7/(h/(-36))*10. Let j = -38 + m. What is the tens digit of j?
3
Let n = 346 + 861. What is the hundreds digit of n?
2
Let w(h) = 18*h - 12. Let j be w(11). Suppose -i = i - j. What is the tens digit of i?
9
Let u(i) = 27*i**2 + 15*i - 124. What is the units digit of u(-12)?
4
Let o = -1 - -12. Suppose -o - 4 = -5*d. Let j = 13 - d. What is the tens digit of j?
1
Suppose 10*i - 231 = 429. What is the units digit of i?
6
Let h be (40/(-14))/((-8)/28). Suppose 5*p = -2*y - h, 0 = 3*p + y - 6*y + 6. What is the units digit of p*4*13/(-26)?
4
Suppose 4*n - 1780 = 48*z - 47*z, -3*n - 2*z = -1346. What is the tens digit of n?
4
Let b(j) = -j**2 + 10*j - 19. Let w = 34 + -26. Let u be b(w). Let o(d) = 7*d**2 + 7*d - 1. What is the units digit of o(u)?
1
Suppose -5*c = 5, -5*k = -0*k + 5*c - 6000. What is the hundreds digit of k?
2
Suppose 5*s + 5 = 0, 5*z - 152 - 252 = 4*s. What is the units digit of z?
0
Let h = -10 + 14. Suppose -d - h*d = 330. What is the units digit of ((-12)/8)/(9/d)?
1
Suppose -5*h = -6*h - 95. Let d = 138 + h. Suppose c = -1 + d. What is the units digit of c?
2
Suppose -4*j = -6*j + 3342. What is the units digit of j?
1
Let b(x) = x**3 + 15*x**2 - 8. Let j be b(-15). Let g = j - -15. What is the tens digit of 13*((g - 3) + -3)?
1
Let k be (-125)/(-3) + 7/21. What is the units digit of 3/7 - (-108)/k?
3
Let q = -267 + 285. What is the tens digit of q?
1
Suppose 4*h + 12 = 7*h. Let y(r) = r**2 - 4*r - 3. Let i be y(h). What is the units digit of (-3)/(-9)*(30 - i)?
1
What is the units digit of -4 + (144/14)/(50/175)?
2
Suppose 16 = -4*p, 4*f - 2*f + 5*p = 0. What is the hundreds digit of (2 + -3 + f/15)*-987?
3
Let j(c) = 925*c - 4. What is the hundreds digit of j(4)?
6
Suppose -10576 = -10*r + 10454. What is the units digit of r?
3
Let f = 28 + -25. Let y be (28/12 - f)*-6. What is the units digit of 9/18 + 26/y?
7
What is the units digit of ((-56)/24 - 0) + 9379/3?
4
Let g(b) = 2*b**2 - 19*b - 10. Let o be g(10). Suppose o = -t - 5*t + 1260. What is the hundreds digit of t?
2
Let k(w) = 4*w. Let z be k(1). Suppose 0 = -2*f + 5*i + 21, 0 = -2*f + i - z*i + 29. Let t = f - 5. What is the units digit of t?
8
Let j be (0 - 14/3)*12. Let z = j - -3. Let o = -28 - z. What is the tens digit of o?
2
Let r be ((-54)/36)/((-1)/(-12)). Let s(p) = -11*p - 62. What is the tens digit of s(r)?
3
Let q = 12 - 6. Suppose 3*r - 6 = 2*r + d, -q = -4*r - 5*d. Suppose 12 = 7*u - r*u. What is the units digit of u?
4
Suppose 5*l + 28 + 162 = 0. Let z = l - -76. Let t = -20 + z. What is the tens digit of t?
1
Let b be (0 - 1)/(6/54). Let w be (-4)/6 + 21/b. What is the units digit of 6/(-9) - 8/w?
2
Let x(k) = -k**3 - 14*k**2 + 23*k + 80. What is the tens digit of x(-16)?
2
Let y be 0 - (-4 + 1) - -172. Let x = -96 + y. What is the units digit of x?
9
Suppose 3*b - 2*g = 760, -4*b + 4*g = 6*g - 990. What is the tens digit of b?
5
Let l(z) = 194*z - 97. What is the thousands digit of l(7)?
1
Let d be ((-18)/15)/(1/10*-3). Suppose -4*j + 24 = 4*z, 2*z - d - 6 = -j. What is the units digit of j?
2
Let p = 31 + -22. Let s be (12/p)/((-6)/(-9)). Suppose o + 5*u = -1 + 15, -78 = -4*o + s*u. What is the tens digit of o?
1
Suppose 0*x + x = -2*h - 7, 2*x = 4*h + 18. Let r(u) = -4*u + 2. Let n(i) = 4*i - 1. Let c(m) = h*n(m) - 3*r(m). What is the units digit of c(-2)?
6
Suppose 5*h - 2*t + 84 = -10, -5*h = -5*t + 85. What is the tens digit of 183*(h/12 - -2)?
6
Suppose 0 = 11*b - 372 - 2598. What is the tens digit of b?
7
Suppose -48*f + 195186 + 50382 = 0. What is the thousands digit of f?
5
Let z = -371 + 622. What is the tens digit of z?
5
Let w(f) = -4*f**3 - 4*f**2 - 8*f - 10. What is the hundreds digit of w(-6)?
7
Let u(s) = -3*s**3 - 8*s**2 - 7*s + 2. Let r be u(-7). Suppose 5*a = f + 3*f + r, 3*a - 406 = -f. What is the units digit of a?
6
Let m(d) = -d**2 + 22*d - 37. Let y be m(20). What is the units digit of 92 - (y/1 + (5 - 7))?
1
Let h = 319 - 158. Suppose h + 59 = 5*a. What is the units digit of a?
4
What is the units digit of (-4686)/4*(-104)/156?
1
What is the hundreds digit of -11 + (11 - -6) - -1*503?
5
Suppose 0 = 2*t - 2761 - 2331. What is the tens digit of t?
4
Let s(b) = 10*b**3 + b**2 + 3*b - 5. Let m(l) = -l**3 + 16*l**2 - 16*l + 17. Let t be m(15). What is the units digit of s(t)?
5
Let y = -612 + 1524. Suppose -232 = 5*w - y. What is the hundreds digit of w?
1
Let q = -560 - -1136. Suppose 5*b - q = -4*u, 5*u = -4*b + 128 + 340. What is the tens digit of b?
1
Let d = 26 + -23. Suppose 4*c - 2*v + 4 = -d*v, 4 = 5*c - v. Suppose c = -4*g + 77 + 99. What is the tens digit of g?
4
Suppose 8*q = 11*q + 21. Let p be (68/q + 2)*7. Let o = -42 - p. What is the tens digit of o?
1
Let u(q) = -175*q - 223. What is the tens digit of u(-7)?
0
Suppose j = -94 + 1575. What is the thousands digit of j?
1
Suppose -7*j = -5*j - 8. Suppose 3*s = 5*f - 309, -2*f + j*s = 3*s - 124. What is the units digit of f?
3
Let g = 52 - 84. Suppose 16 = -4*l, 4*n - 216 = -0*l - l. Let s = n + g. What is the units digit of s?
3
Suppose -q - 3*y + 191 + 76 = 0, -5*y = -2*q + 545. What is the hundreds digit of q?
2
Let c = 85 - 53. Let j = c - 17. What is the tens digit of j?
1
Let v = -1039 + 1995. Suppose -v = -11*y - 76. What is the tens digit of y?
8
Let x be 3*3/18*-4. What is the units digit of ((-168)/(-4) - x) + -2?
2
Suppose c - 6 = 15. Let i(b) = b**2 - 21*b. Let p be i(c). Suppose t + p*k - 3*k - 1 = 0, -9 = -t - 5*k. What is the units digit of t?
4
Let m(g) = g**3 - 10*g**2 - 12*g - 7. What is the units digit of m(14)?
9
Suppose -2*k - 4*u - 302 